factor of 72 and g?
18
Suppose a - 1 - 2 = 0. Suppose -38 = u - a*u. What is the highest common divisor of 19 and u?
19
Let d = -1 - -1. Suppose 3*v - 5 - 4 = d. Suppose -3*i - 3*r + 3 = 0, 0*i - 4*r = 3*i - 3. Calculate the highest common factor of i and v.
1
Let z be (11 - 5)*4/3. Let b = 11 - 7. What is the greatest common divisor of z and b?
4
Let o(k) = k**3 - 18*k**2. Let r be o(18). Suppose -3*n + 4*l - 5*l + 114 = r, l + 159 = 4*n. What is the highest common divisor of 26 and n?
13
Suppose 4*u - 26 - 58 = 0. What is the highest common factor of u and 3?
3
Suppose t + 4*t + f = 133, 4*t + 5*f - 119 = 0. What is the highest common divisor of 104 and t?
26
Let n = 40 - 16. Let b(j) = j**3 + 10*j**2 + 13*j + 12. Let c = 20 + -28. Let p be b(c). What is the highest common factor of p and n?
12
Suppose 2*j - 5 - 47 = 0. Let h = -5 + 8. Suppose 0 = -h*y + 239 - 44. Calculate the greatest common divisor of j and y.
13
Let h(y) = -y**3 - 5*y**2 + 2*y + 2. Let v be h(-6). Let b = 2 + v. Let g = -17 + b. What is the greatest common factor of g and 33?
11
Let b be (5/(-1))/(2/(-4)). Let r(f) = -f - 48. Let s be r(0). Let z = 32 - s. Calculate the highest common divisor of b and z.
10
Suppose 43 = 2*q - 117. Suppose 6*f - 5*f - 8 = 0. What is the highest common factor of f and q?
8
Let t = 32 - 12. What is the greatest common divisor of t and 80?
20
Let d(c) = -8*c - 8. Let x(n) = 4*n + 4. Let g(l) = 4*d(l) + 9*x(l). Let r be g(5). Let s = -1 - -13. Calculate the greatest common divisor of r and s.
12
Suppose -2*v + 20 = 3*v. Suppose -v*j + 186 = 58. What is the highest common factor of 96 and j?
32
Suppose -3*h + 11 + 1 = 0. Let w(q) = 6*q + h + q**2 - q + 3. Let d be w(-6). Calculate the greatest common factor of 91 and d.
13
Suppose 4*h - 202 = -2*l, 2*h - 2*l - 102 = -4*l. What is the highest common divisor of 25 and h?
25
Let k = -5 + 10. Suppose -72 = -k*j - 27. What is the greatest common factor of j and 18?
9
Let m = -52 - -108. What is the greatest common divisor of m and 7?
7
Suppose -4*f + 8 = -2*r, 2*r - 3*f + f = 0. Suppose -4*y = -n, -5*n = -2*n - 4*y - 8. What is the greatest common divisor of n and r?
4
Let q be (-2)/4 - 3265/(-10). Suppose -3*r = -r + 4*b - q, -5*r + 830 = -5*b. Calculate the highest common divisor of 15 and r.
15
Suppose 4*d - 5*i - 417 = 0, d + 2*i = 6*i + 96. Let o be ((-4)/(-5))/((-1)/5). Let s be 10 - 7/(14/o). Calculate the greatest common divisor of s and d.
12
Let p = 14 - -4. What is the greatest common factor of p and 45?
9
Let y(z) be the third derivative of z**6/120 - z**5/15 + z**4/12 + z**3/6 - 4*z**2. Let c be y(4). Calculate the greatest common factor of 45 and c.
9
Suppose -8*h + 152 = -4*h. Calculate the greatest common divisor of h and 76.
38
Let u = 95 + -44. Calculate the highest common divisor of 34 and u.
17
Let g = -110 - -150. What is the greatest common divisor of 200 and g?
40
Let v(g) = 19*g**2 + 3*g - 5. Let h be v(2). Calculate the greatest common factor of 7 and h.
7
Suppose -90 = -2*l - l. Let n be 6/(-5)*20/(-6). Suppose -3*m + 5*w + 16 = 0, 8 + 32 = 2*m + n*w. Calculate the highest common factor of m and l.
6
Let s be ((-22)/(-3))/(6/54). What is the highest common factor of 6 and s?
6
Let j(c) = -2*c - 19. Let r be j(-14). What is the highest common factor of r and 18?
9
Let p(o) = -o**3 + 2*o**2 - o. Let i be p(3). Let x(v) = v**2 + 13*v + 17. Let g be x(i). What is the greatest common factor of 45 and g?
5
Let c be 1*2/(-2 + 4). Let o = c - -11. Let u be 7/(2*1/o). Calculate the highest common divisor of 21 and u.
21
Let i(d) = d**3 + 9*d**2 - 12*d - 1. Let p be i(-10). Calculate the highest common factor of p and 76.
19
Let f be 2/(-9)*3*18/(-4). Let y(v) = -v**2 - 7*v - 2. Let b be y(-5). Suppose 3*g - b*g + 105 = 0. What is the greatest common factor of g and f?
3
Let r = 16 - 10. Let x be ((-2)/r)/(2/(-198)). Calculate the greatest common factor of 3 and x.
3
Let u = 14 - 12. Suppose -u*c = c - 18. What is the highest common divisor of c and 30?
6
Let t be (-28)/(9/24*(-2)/3). Calculate the highest common factor of 14 and t.
14
Let o(p) = 19*p**2 + 2*p - 2. Let k be o(-2). Let v = 50 + -40. What is the highest common factor of v and k?
10
Suppose -7 = -j + 3. Calculate the greatest common divisor of 2 and j.
2
Let h(r) = -3*r - 6 - 1 + 3. Let o be h(-4). Calculate the greatest common divisor of o and 24.
8
Suppose 0 = 4*g + 16, 0 = 2*m - 5*m - g + 8. Suppose 51 = x + 4*y, 3*x = -0*x + m*y + 201. What is the greatest common factor of 7 and x?
7
Let i be 48/9 - (-2)/3. Let c = 6 - i. Suppose 5*r - 20 = -c. What is the highest common divisor of 1 and r?
1
Suppose 5*s + 215 = 2*j + 3*j, 37 = j + s. Suppose -f - 5*c - 300 = -6*f, 0 = 2*f - 3*c - 122. Let h = f - j. What is the greatest common factor of 9 and h?
9
Suppose 2*x - 14 = 2*n - 0*x, 2*n - 4 = -4*x. Let o be (-78)/(-8) + n/(-16). What is the greatest common divisor of 5 and o?
5
Suppose -6*f + 2 = -10. Calculate the highest common divisor of 2 and f.
2
Let z = 26 - -24. Calculate the greatest common divisor of z and 10.
10
Let u = 84 + -50. What is the greatest common divisor of u and 17?
17
Let a(r) = -r**2 + r + 15. Let h be a(-3). Calculate the highest common divisor of h and 9.
3
Let l be 12/4 + (0 - 1). Let w be l/12 - (-879)/18. Suppose -v + a = 3*v - w, 0 = -5*v + 2*a + 65. What is the highest common factor of 11 and v?
11
Suppose 2*q = 4, 4*v + 2*q - 7*q - 102 = 0. What is the highest common factor of 21 and v?
7
Suppose -354 = -o - 2*o. Suppose 0 = -4*b - 4*p + 124, 0*b - 2*p = -4*b + o. Suppose 2*i = 7*i - 50. Calculate the greatest common divisor of i and b.
10
Suppose 3*t = 2*n - 8, -3*n - 4 = t + 6. Let x(j) = 2*j**2 + 7*j + 5. Let r be x(t). Calculate the greatest common factor of r and 9.
9
Let r = 208 + -32. Suppose -3*w + r = -w. Calculate the highest common factor of w and 8.
8
Let i = 12 + 63. Let u = -8 + 13. Suppose -u*z - 45 = -4*p + 35, 3*p = -3*z + 33. Calculate the highest common factor of p and i.
15
Let w = -334 - -514. Let o = 0 + 1. Let d = 19 + o. What is the highest common divisor of w and d?
20
Suppose 9 + 15 = 3*x. Suppose 4*y + 5*a + 0*a - 55 = 0, -2*a = 5*y - 90. Let q = y - 12. What is the greatest common divisor of x and q?
8
Let t = -56 - -79. Suppose -4*s = -265 - t. What is the highest common factor of 8 and s?
8
Let h be -12*((-1)/3 + 1). Let q be (-34)/(-4) + (-4)/h. Let a = 25 - -11. What is the highest common divisor of a and q?
9
Suppose -13 = 5*b - 63. What is the greatest common factor of b and 80?
10
Let d(q) = -q**3 + 8*q**2 + 10*q + 2. Suppose -n + 6*n - 45 = 0. Let j be d(n). Calculate the highest common divisor of 77 and j.
11
Suppose 0 = 2*r - 0*r - 2. What is the greatest common factor of r and 5?
1
Let u be ((-33)/(-6))/(2/4). Let b(k) = -3 + k**3 + u*k - 4 - k + 11*k**2. Let a be b(-8). Calculate the greatest common divisor of 15 and a.
15
Suppose -5*q + 40 = -0*q. Let h be q/4*(-54)/(-4). Let c = 47 - h. What is the highest common factor of 180 and c?
20
Suppose 0 = -o + 5*o + 240. Let c = o - -84. What is the greatest common factor of c and 168?
24
Let z(m) = m**2 - 8*m + 5. Let q be z(6). Let w(n) = n**3 + 8*n**2 + 6*n - 1. Let g be w(q). What is the highest common factor of 42 and g?
6
Let n = -15 + 20. What is the greatest common divisor of 45 and n?
5
Let y(h) = h**2 - h - 4. Let b be y(5). Let q = -21 - -61. Calculate the greatest common factor of q and b.
8
Suppose 2*f - 48 = -2*f. Calculate the highest common divisor of 132 and f.
12
Let d = 189 - 112. Let c(o) = o**3 + 28*o**2 + 51*o - 19. Let m be c(-26). What is the greatest common factor of m and d?
7
Suppose -54 = -5*n + 1. Suppose m - n = 3. Let p be (-10)/(-6) - (-2)/6. What is the greatest common factor of m and p?
2
Suppose 3*o = 11 + 25. Suppose 48 = -4*t - b + 3*b, o = -t - b. Let k(l) = l**2 + 12*l + 14. Let w be k(t). What is the highest common factor of 56 and w?
14
Let j(p) = -8*p - 5. Let h(w) = w**3 + 2*w**2 - 2*w. Let f be h(-2). Let q be j(f). Let r = q - -70. Calculate the highest common factor of 22 and r.
11
Suppose 5*f + 83 = q, -q - 2*q = f - 185. Calculate the highest common factor of 9 and q.
9
Suppose z - 7*z + 36 = 0. Suppose 0 = -5*k + 94 + z. Calculate the highest common d